 + 8*r. Suppose 3*a + 3 = 4*a. Calculate the remainder when s(6) is divided by a.
1
Suppose 3*x = 2*i + 13, i - 13 = x - 4*i. Calculate the remainder when (156/(-8))/(6/(-8)) is divided by x.
5
Suppose -2*o + r = -37, o = -0*r + r + 16. What is the remainder when o is divided by (-4 - -1)*22/(-6)?
10
Suppose 8*s - 6*s = -62. Let z = s + 82. What is the remainder when z is divided by 26?
25
Suppose 2*k + 2 = -8, -110 = -z + 2*k. Let j = 141 - z. What is the remainder when j is divided by 14?
13
What is the remainder when 10/3*(21 + -18) is divided by 6?
4
Let p = -7 + 17. Let o = 28 - 9. Let w = o + -16. What is the remainder when p is divided by w?
1
Let l(m) = 10*m**2 - 3*m - 1. Suppose -1 = 3*i + 8. Let f(a) = a**2 - 1. Let o(s) = i*f(s) + l(s). What is the remainder when o(2) is divided by 13?
11
What is the remainder when 100 is divided by (0 - -1) + -2 + -1 + 19?
15
Suppose -5*u - 3 = -8. Calculate the remainder when 36 is divided by 255/20 + u/4.
10
Let l = 19 + 8. What is the remainder when l is divided by 5?
2
Let t = -1 - 2. What is the remainder when 3 is divided by 2 - (3 + t)*1?
1
Let j = 130 + -77. Suppose 17 = r - 25. Suppose -3*n + r = -0. Calculate the remainder when j is divided by n.
11
Let j(a) = 6*a - 3. Let t = 39 - 33. Calculate the remainder when j(2) is divided by t.
3
Let u(w) = -w + 16. Let r be u(12). Suppose 5*o + 10 = 0, -4*f - 2*o + 52 = -r*o. What is the remainder when 23 is divided by f?
11
Let l(i) = 5 + 3*i + 6 - 1. Let b be l(-8). Let z = 26 + b. What is the remainder when 22 is divided by z?
10
Suppose -3*d + 0*d = -5*i - 28, -2*i - 10 = 0. What is the remainder when (-1 - -64) + 1/d is divided by 33?
31
Let c = 50 + 8. Calculate the remainder when c is divided by 12.
10
Suppose -8 = -4*m + 4. Let j = 14 - 12. Suppose 2*c = m*c - j. What is the remainder when 3 is divided by c?
1
Let m(c) be the first derivative of 3*c**2/2 - 8*c - 7. What is the remainder when 29 is divided by m(6)?
9
Suppose -5*g + 4*f = 3*f - 180, -5*f = -2*g + 49. What is the remainder when g is divided by 13?
11
Let y(b) = 4*b + b**2 + 5 + 0*b**2 - b**3 + 4*b**2 - 2*b. What is the remainder when y(5) is divided by 6?
3
Suppose 5*f + 22 = 3*k + f, 0 = k + 2*f - 14. What is the remainder when 29 is divided by k?
9
Let c be (4/(-10))/(1/5). Let p(r) = 2 + 4*r - r**2 + 0 + 3*r**2. What is the remainder when 4 is divided by p(c)?
0
Suppose 0 - 8 = -c. What is the remainder when (6/(-10))/((-6)/330) is divided by (51/(-12))/((-2)/c)?
16
Suppose d + 0 = -5, 3*d + 90 = y. Calculate the remainder when y is divided by 19.
18
Let p = -8 - -7. What is the remainder when 41*(1 + p + 2) is divided by 14?
12
Let r(p) = p**3 + 7*p**2 - 2*p - 9. Let z be r(-7). Let m = -6 + 3. Let t = z + m. Calculate the remainder when 3 is divided by t.
1
Let j be (-1)/(-4) - (-46)/8. Calculate the remainder when 31 is divided by ((-15)/j + -3)*-2.
9
Suppose 0 = -5*l - 0*l - a - 201, -4*l = -5*a + 155. Suppose -3*f = -3 - 24. What is the remainder when (l/(-24))/((-2)/(-30)) is divided by f?
7
Let a(x) = 13*x. What is the remainder when a(2) is divided by (44/(-66))/(2/(-27))?
8
Calculate the remainder when 5/(-5) + 9*3 is divided by 7.
5
Let t = 4 - -21. Suppose 2*y + 32 = -x, 0 = -3*y - 4*x - 58 + 10. Let o = y + 25. Calculate the remainder when t is divided by o.
7
Suppose 0 = 5*q + 25, -3*k - 14 = 4*q - 0. Suppose z = 15 - k. Suppose 4*u - 98 = -o, -7*o = 2*u - 3*o - 42. Calculate the remainder when u is divided by z.
12
Calculate the remainder when 23 is divided by -1 + 7 + -1*(0 - -1).
3
Suppose 4*o + 96 = 3*t, 0*t + t - 43 = 5*o. What is the remainder when 83 is divided by t?
27
Let l be 1*((3 - 2) + -1). Suppose 2*o - 5*o - 3*u + 30 = l, -3*u + 48 = 5*o. Calculate the remainder when -7*(-2 + 0) + 2 is divided by o.
7
Let g = -78 - -109. Suppose -u - g = -84. Calculate the remainder when u is divided by 11.
9
Let b(z) = 3*z**2 - 4*z**2 + 0*z**2 + 6*z - 3. Let v be b(5). Suppose 0 = -i + v*l + 22, 2*i + 4*l = 1 + 3. What is the remainder when 22 is divided by i?
10
Let z(d) = d**2 + 10*d + 8. What is the remainder when z(-10) is divided by 3?
2
Let w = -7 - -9. What is the remainder when 2 is divided by w?
0
Suppose 5 = -3*p + 4*u + 3, -u - 28 = 4*p. Let i be ((-2)/6)/(p/(-18)). What is the remainder when (52/8)/(i/(-2)) is divided by 5?
3
Calculate the remainder when 57 is divided by (19 - (-6)/3) + -1.
17
Let o = -16 - -27. Let i be 4/(-14) + (-26)/7. Let t = o + i. What is the remainder when t is divided by 4?
3
Let z(p) = p**2 - 27*p + 38. What is the remainder when 110 is divided by z(27)?
34
Let u = 97 + -78. What is the remainder when u is divided by 3?
1
Let t(v) = -v**2 - 8*v + 4. What is the remainder when t(-4) is divided by 6?
2
Suppose -3*x + 36 = -45. Calculate the remainder when 107 is divided by x.
26
Suppose 75 = 3*n + 5*i, -4*n + 43 = 3*i - 46. What is the remainder when n is divided by 11?
9
Let h = -9 - -20. Let a(c) = 4*c + 4*c + 1 - 11*c. Calculate the remainder when a(-14) is divided by h.
10
Suppose 44 = -2*a + 4*a - 2*z, -a + 14 = 3*z. Calculate the remainder when 39 is divided by a.
19
Let i = 165 + -155. Calculate the remainder when 68 is divided by i.
8
Suppose -4*u + 42 = 3*u. Calculate the remainder when u is divided by 2.
0
Suppose 3*g = -m + 282, 404 + 64 = 5*g + m. Calculate the remainder when g is divided by 19.
17
Let j = 20 + -4. What is the remainder when 47 is divided by j?
15
Suppose 4*o + 3*y - 45 = 0, 0 = 4*o - 3*o + 5*y + 10. Calculate the remainder when 27 is divided by o.
12
Suppose 4*i - 180 = -i. Suppose k - 10 = 4. Let a = i - k. Calculate the remainder when a is divided by 8.
6
Let f = -24 + 50. Calculate the remainder when 76 is divided by f.
24
Suppose 5*k + 4*m = 70, 3*k + 8 = -3*m + 53. Suppose 4*q - 8 = 3*x, 2*q - 5 = q. Suppose 2 + 150 = x*w. What is the remainder when w is divided by k?
8
Suppose 3*p = 3*m - 2*m - 39, 4*p = 5*m - 173. Calculate the remainder when 131 is divided by m.
32
Let a be (0/(-1) + 0)/1. Suppose 2*m + 84 = 2*v - a*m, v + m = 36. Calculate the remainder when v is divided by 14.
11
Let k = -84 + 87. What is the remainder when k is divided by 3?
0
Suppose -3*x - 62 = 5*m, -31 = 2*m - 0*m - 5*x. Let b(w) = -2*w + 5. Let d be b(-8). Let j = d + m. What is the remainder when 22 is divided by j?
6
Let g(u) = -13*u + 11. What is the remainder when g(-14) is divided by 39?
37
Let z(i) = 6*i - 29. Suppose -4*o = -2*o - 20. Calculate the remainder when o is divided by z(6).
3
Let g(y) = y**2 + 2*y + 63. Calculate the remainder when g(0) is divided by 22.
19
Let j = 31 - 16. Suppose 3*c + 3*a = -a + 94, 3*a = -3*c + 96. Let t = c - -24. What is the remainder when t is divided by j?
13
Let d = 8 - -3. What is the remainder when d is divided by 6?
5
Let z(g) = -10*g + 14. What is the remainder when z(-3) is divided by 16?
12
Let g(s) = -s + 3. Let l be g(-3). Let d(c) = -c**2 - 4*c + 3. Let t be d(-5). Calculate the remainder when 14 is divided by (-13)/t - l/(-4).
6
Let y be ((-4)/6)/((-1)/3). Let x(o) = -10*o**2 - o + 2. Let f be x(1). Let m = y - f. What is the remainder when m is divided by 4?
3
Let c(m) = -m**2 - 10*m - 4. Suppose 0 = t - 4*t + 174. Suppose 5*u - t = -3. What is the remainder when c(-5) is divided by u?
10
Let k = 47 - 6. Let z = -28 - -39. Calculate the remainder when k is divided by z.
8
Let w(r) = r + 1. Let l(h) = 13*h + 7. Let f(m) = -l(m) + 6*w(m). Calculate the remainder when f(-2) is divided by 5.
3
Suppose 0 + 4 = 2*z. Let k = 1 + z. What is the remainder when 14 - (-1 - (k - 2)) is divided by 6?
4
Let a(c) = 2*c**2 + 10*c + 2. Let g be a(-7). Let m = g + -12. What is the remainder when 35 is divided by m?
17
Let g(j) = 10*j - 6. Let x(f) = -11*f + 7. Let h(p) = 6*g(p) + 5*x(p). Let a be h(-1). Let r = 12 + a. Calculate the remainder when 16 is divided by r.
4
Suppose -g = 4*j - 1, 3*g - 48 = -g - 5*j. What is the remainder when 65 is divided by g?
14
Let z = 38 - 17. Suppose 2 = 5*x + 5*f + 82, -4*x = f + 61. Let a = z + x. Calculate the remainder when 22 is divided by a.
4
Suppose -2*o = 1 - 9. Suppose 0 = o*j + 2*j - 30. What is the remainder when 19 is divided by j?
4
Let z = 10 - 8. Suppose 0 = 2*x - 4*g + 2*g - 32, -11 = -z*x - 5*g. Calculate the remainder 